{"id":532,"date":"2015-04-14T23:17:09","date_gmt":"2015-04-14T21:17:09","guid":{"rendered":"http:\/\/wordpress.hainau.de\/?page_id=532"},"modified":"2015-09-28T18:11:32","modified_gmt":"2015-09-28T16:11:32","slug":"feuerwehrhaus-und-spielplatz","status":"publish","type":"page","link":"https:\/\/hainau.de\/?page_id=532","title":{"rendered":"Feuerwehrhaus und Spielplatz"},"content":{"rendered":"<p>Das Feuerwehrhaus wurde 1997 \u00fcberwiegend in Eigenleistung erbaut. In der Garage ist das TSF und andere Ger\u00e4te der Ortswehr untergebracht. Im Dachgeschoss befindet sich der Mannschaftsraum mit einem Wandbild eines hiesigen K\u00fcnstlers.<\/p>\n<p>Auf und um den Dorfplatz wird jedes Jahr das Dorffest der Gemeinde ausgiebig und fr\u00f6hlich gefeiert. Seit 2005 wird dabei auch eine Dorfmeisterschaft ausgetragen, bei der 4-er Mannschaften aus dem Ort gegeneinander antreten.<\/p>\n<p>Angegliedert an den Dorfplatz befindet sich ein moderner kindgerechter Spielplatz auf dem bestimmt auch Ihre Kinder viel Freude haben.<\/p>\n<p>&nbsp;<\/p>\n<div class=\"tiled-gallery type-rectangular tiled-gallery-unresized\" data-original-width=\"1170\" data-carousel-extra='{&quot;blog_id&quot;:1,&quot;permalink&quot;:&quot;https:\\\/\\\/hainau.de\\\/?page_id=532&quot;,&quot;likes_blog_id&quot;:87677471}' itemscope itemtype=\"http:\/\/schema.org\/ImageGallery\" > <div class=\"gallery-row\" style=\"width: 1170px; height: 343px;\" data-original-width=\"1170\" data-original-height=\"343\" > <div class=\"gallery-group images-1\" style=\"width: 456px; height: 343px;\" data-original-width=\"456\" data-original-height=\"343\" > <div class=\"tiled-gallery-item tiled-gallery-item-large\" itemprop=\"associatedMedia\" itemscope itemtype=\"http:\/\/schema.org\/ImageObject\"> <meta itemprop=\"width\" content=\"452\"> <meta itemprop=\"height\" content=\"339\"> <img decoding=\"async\" class=\"\" data-attachment-id=\"534\" data-orig-file=\"https:\/\/hainau.de\/wp-content\/uploads\/2015\/04\/p3190670.jpg\" data-orig-size=\"800,600\" data-comments-opened=\"\" data-image-meta=\"{&quot;aperture&quot;:&quot;0&quot;,&quot;credit&quot;:&quot;&quot;,&quot;camera&quot;:&quot;&quot;,&quot;caption&quot;:&quot;&quot;,&quot;created_timestamp&quot;:&quot;0&quot;,&quot;copyright&quot;:&quot;&quot;,&quot;focal_length&quot;:&quot;0&quot;,&quot;iso&quot;:&quot;0&quot;,&quot;shutter_speed&quot;:&quot;0&quot;,&quot;title&quot;:&quot;&quot;,&quot;orientation&quot;:&quot;0&quot;}\" data-image-title=\"p3190670\" data-image-description=\"\" data-medium-file=\"https:\/\/hainau.de\/wp-content\/uploads\/2015\/04\/p3190670-300x225.jpg\" data-large-file=\"https:\/\/hainau.de\/wp-content\/uploads\/2015\/04\/p3190670.jpg\" src=\"https:\/\/i0.wp.com\/hainau.de\/wp-content\/uploads\/2015\/04\/p3190670.jpg?w=452&#038;h=339&#038;ssl=1\" srcset=\"https:\/\/hainau.de\/wp-content\/uploads\/2015\/04\/p3190670.jpg 800w, https:\/\/hainau.de\/wp-content\/uploads\/2015\/04\/p3190670-300x225.jpg 300w\" width=\"452\" height=\"339\" loading=\"lazy\" data-original-width=\"452\" data-original-height=\"339\" itemprop=\"http:\/\/schema.org\/image\" title=\"p3190670\" alt=\"p3190670\" style=\"width: 452px; height: 339px;\" \/> <\/div> <\/div> <!-- close group --> <div class=\"gallery-group images-1\" style=\"width: 258px; height: 343px;\" data-original-width=\"258\" data-original-height=\"343\" > <div class=\"tiled-gallery-item tiled-gallery-item-large\" itemprop=\"associatedMedia\" itemscope itemtype=\"http:\/\/schema.org\/ImageObject\"> <meta itemprop=\"width\" content=\"254\"> <meta itemprop=\"height\" content=\"339\"> <img decoding=\"async\" class=\"\" data-attachment-id=\"537\" data-orig-file=\"https:\/\/hainau.de\/wp-content\/uploads\/2015\/04\/p3190674.jpg\" data-orig-size=\"450,600\" data-comments-opened=\"\" data-image-meta=\"{&quot;aperture&quot;:&quot;0&quot;,&quot;credit&quot;:&quot;&quot;,&quot;camera&quot;:&quot;&quot;,&quot;caption&quot;:&quot;&quot;,&quot;created_timestamp&quot;:&quot;0&quot;,&quot;copyright&quot;:&quot;&quot;,&quot;focal_length&quot;:&quot;0&quot;,&quot;iso&quot;:&quot;0&quot;,&quot;shutter_speed&quot;:&quot;0&quot;,&quot;title&quot;:&quot;&quot;,&quot;orientation&quot;:&quot;0&quot;}\" data-image-title=\"p3190674\" data-image-description=\"\" data-medium-file=\"https:\/\/hainau.de\/wp-content\/uploads\/2015\/04\/p3190674-225x300.jpg\" data-large-file=\"https:\/\/hainau.de\/wp-content\/uploads\/2015\/04\/p3190674.jpg\" src=\"https:\/\/i0.wp.com\/hainau.de\/wp-content\/uploads\/2015\/04\/p3190674.jpg?w=254&#038;h=339&#038;ssl=1\" srcset=\"https:\/\/hainau.de\/wp-content\/uploads\/2015\/04\/p3190674.jpg 450w, https:\/\/hainau.de\/wp-content\/uploads\/2015\/04\/p3190674-225x300.jpg 225w\" width=\"254\" height=\"339\" loading=\"lazy\" data-original-width=\"254\" data-original-height=\"339\" itemprop=\"http:\/\/schema.org\/image\" title=\"p3190674\" alt=\"p3190674\" style=\"width: 254px; height: 339px;\" \/> <\/div> <\/div> <!-- close group --> <div class=\"gallery-group images-1\" style=\"width: 456px; height: 343px;\" data-original-width=\"456\" data-original-height=\"343\" > <div class=\"tiled-gallery-item tiled-gallery-item-large\" itemprop=\"associatedMedia\" itemscope itemtype=\"http:\/\/schema.org\/ImageObject\"> <meta itemprop=\"width\" content=\"452\"> <meta itemprop=\"height\" content=\"339\"> <img decoding=\"async\" class=\"\" data-attachment-id=\"536\" data-orig-file=\"https:\/\/hainau.de\/wp-content\/uploads\/2015\/04\/p3190673.jpg\" data-orig-size=\"800,600\" data-comments-opened=\"\" data-image-meta=\"{&quot;aperture&quot;:&quot;0&quot;,&quot;credit&quot;:&quot;&quot;,&quot;camera&quot;:&quot;&quot;,&quot;caption&quot;:&quot;&quot;,&quot;created_timestamp&quot;:&quot;0&quot;,&quot;copyright&quot;:&quot;&quot;,&quot;focal_length&quot;:&quot;0&quot;,&quot;iso&quot;:&quot;0&quot;,&quot;shutter_speed&quot;:&quot;0&quot;,&quot;title&quot;:&quot;&quot;,&quot;orientation&quot;:&quot;0&quot;}\" data-image-title=\"p3190673\" data-image-description=\"\" data-medium-file=\"https:\/\/hainau.de\/wp-content\/uploads\/2015\/04\/p3190673-300x225.jpg\" data-large-file=\"https:\/\/hainau.de\/wp-content\/uploads\/2015\/04\/p3190673.jpg\" src=\"https:\/\/i0.wp.com\/hainau.de\/wp-content\/uploads\/2015\/04\/p3190673.jpg?w=452&#038;h=339&#038;ssl=1\" srcset=\"https:\/\/hainau.de\/wp-content\/uploads\/2015\/04\/p3190673.jpg 800w, https:\/\/hainau.de\/wp-content\/uploads\/2015\/04\/p3190673-300x225.jpg 300w\" width=\"452\" height=\"339\" loading=\"lazy\" data-original-width=\"452\" data-original-height=\"339\" itemprop=\"http:\/\/schema.org\/image\" title=\"p3190673\" alt=\"p3190673\" style=\"width: 452px; height: 339px;\" \/> <\/div> <\/div> <!-- close group --> <\/div> <!-- close row --> <div class=\"gallery-row\" style=\"width: 1170px; height: 440px;\" data-original-width=\"1170\" data-original-height=\"440\" > <div class=\"gallery-group images-1\" style=\"width: 585px; height: 440px;\" data-original-width=\"585\" data-original-height=\"440\" > <div class=\"tiled-gallery-item tiled-gallery-item-large\" itemprop=\"associatedMedia\" itemscope itemtype=\"http:\/\/schema.org\/ImageObject\"> <meta itemprop=\"width\" content=\"581\"> <meta itemprop=\"height\" content=\"436\"> <img decoding=\"async\" class=\"\" data-attachment-id=\"538\" data-orig-file=\"https:\/\/hainau.de\/wp-content\/uploads\/2015\/04\/p3190675.jpg\" data-orig-size=\"800,600\" data-comments-opened=\"\" data-image-meta=\"{&quot;aperture&quot;:&quot;0&quot;,&quot;credit&quot;:&quot;&quot;,&quot;camera&quot;:&quot;&quot;,&quot;caption&quot;:&quot;&quot;,&quot;created_timestamp&quot;:&quot;0&quot;,&quot;copyright&quot;:&quot;&quot;,&quot;focal_length&quot;:&quot;0&quot;,&quot;iso&quot;:&quot;0&quot;,&quot;shutter_speed&quot;:&quot;0&quot;,&quot;title&quot;:&quot;&quot;,&quot;orientation&quot;:&quot;0&quot;}\" data-image-title=\"p3190675\" data-image-description=\"\" data-medium-file=\"https:\/\/hainau.de\/wp-content\/uploads\/2015\/04\/p3190675-300x225.jpg\" data-large-file=\"https:\/\/hainau.de\/wp-content\/uploads\/2015\/04\/p3190675.jpg\" src=\"https:\/\/i0.wp.com\/hainau.de\/wp-content\/uploads\/2015\/04\/p3190675.jpg?w=581&#038;h=436&#038;ssl=1\" srcset=\"https:\/\/hainau.de\/wp-content\/uploads\/2015\/04\/p3190675.jpg 800w, https:\/\/hainau.de\/wp-content\/uploads\/2015\/04\/p3190675-300x225.jpg 300w\" width=\"581\" height=\"436\" loading=\"lazy\" data-original-width=\"581\" data-original-height=\"436\" itemprop=\"http:\/\/schema.org\/image\" title=\"p3190675\" alt=\"p3190675\" style=\"width: 581px; height: 436px;\" \/> <\/div> <\/div> <!-- close group --> <div class=\"gallery-group images-1\" style=\"width: 585px; height: 440px;\" data-original-width=\"585\" data-original-height=\"440\" > <div class=\"tiled-gallery-item tiled-gallery-item-large\" itemprop=\"associatedMedia\" itemscope itemtype=\"http:\/\/schema.org\/ImageObject\"> <meta itemprop=\"width\" content=\"581\"> <meta itemprop=\"height\" content=\"436\"> <img decoding=\"async\" class=\"\" data-attachment-id=\"535\" data-orig-file=\"https:\/\/hainau.de\/wp-content\/uploads\/2015\/04\/p3190671.jpg\" data-orig-size=\"800,600\" data-comments-opened=\"\" data-image-meta=\"{&quot;aperture&quot;:&quot;0&quot;,&quot;credit&quot;:&quot;&quot;,&quot;camera&quot;:&quot;&quot;,&quot;caption&quot;:&quot;&quot;,&quot;created_timestamp&quot;:&quot;0&quot;,&quot;copyright&quot;:&quot;&quot;,&quot;focal_length&quot;:&quot;0&quot;,&quot;iso&quot;:&quot;0&quot;,&quot;shutter_speed&quot;:&quot;0&quot;,&quot;title&quot;:&quot;&quot;,&quot;orientation&quot;:&quot;0&quot;}\" data-image-title=\"p3190671\" data-image-description=\"\" data-medium-file=\"https:\/\/hainau.de\/wp-content\/uploads\/2015\/04\/p3190671-300x225.jpg\" data-large-file=\"https:\/\/hainau.de\/wp-content\/uploads\/2015\/04\/p3190671.jpg\" src=\"https:\/\/i0.wp.com\/hainau.de\/wp-content\/uploads\/2015\/04\/p3190671.jpg?w=581&#038;h=436&#038;ssl=1\" srcset=\"https:\/\/hainau.de\/wp-content\/uploads\/2015\/04\/p3190671.jpg 800w, https:\/\/hainau.de\/wp-content\/uploads\/2015\/04\/p3190671-300x225.jpg 300w\" width=\"581\" height=\"436\" loading=\"lazy\" data-original-width=\"581\" data-original-height=\"436\" itemprop=\"http:\/\/schema.org\/image\" title=\"p3190671\" alt=\"p3190671\" style=\"width: 581px; height: 436px;\" \/> <\/div> <\/div> <!-- close group --> <\/div> <!-- close row --> <\/div>\n","protected":false},"excerpt":{"rendered":"<p>Das Feuerwehrhaus wurde 1997 \u00fcberwiegend in Eigenleistung erbaut. In der Garage ist das TSF und andere Ger\u00e4te der Ortswehr untergebracht. Im Dachgeschoss befindet sich der Mannschaftsraum mit einem Wandbild eines hiesigen K\u00fcnstlers. Auf und um den Dorfplatz wird jedes Jahr das Dorffest der Gemeinde ausgiebig und fr\u00f6hlich gefeiert. Seit 2005 wird dabei auch eine Dorfmeisterschaft [&hellip;]<\/p>\n","protected":false},"author":2,"featured_media":0,"parent":41,"menu_order":0,"comment_status":"closed","ping_status":"closed","template":"","meta":{"jetpack_post_was_ever_published":false,"_mc_calendar":[],"footnotes":""},"class_list":["post-532","page","type-page","status-publish","czr-hentry"],"jetpack_shortlink":"https:\/\/wp.me\/P5VSUL-8A","jetpack_sharing_enabled":false,"_links":{"self":[{"href":"https:\/\/hainau.de\/index.php?rest_route=\/wp\/v2\/pages\/532","targetHints":{"allow":["GET"]}}],"collection":[{"href":"https:\/\/hainau.de\/index.php?rest_route=\/wp\/v2\/pages"}],"about":[{"href":"https:\/\/hainau.de\/index.php?rest_route=\/wp\/v2\/types\/page"}],"author":[{"embeddable":true,"href":"https:\/\/hainau.de\/index.php?rest_route=\/wp\/v2\/users\/2"}],"replies":[{"embeddable":true,"href":"https:\/\/hainau.de\/index.php?rest_route=%2Fwp%2Fv2%2Fcomments&post=532"}],"version-history":[{"count":2,"href":"https:\/\/hainau.de\/index.php?rest_route=\/wp\/v2\/pages\/532\/revisions"}],"predecessor-version":[{"id":539,"href":"https:\/\/hainau.de\/index.php?rest_route=\/wp\/v2\/pages\/532\/revisions\/539"}],"up":[{"embeddable":true,"href":"https:\/\/hainau.de\/index.php?rest_route=\/wp\/v2\/pages\/41"}],"wp:attachment":[{"href":"https:\/\/hainau.de\/index.php?rest_route=%2Fwp%2Fv2%2Fmedia&parent=532"}],"curies":[{"name":"wp","href":"https:\/\/api.w.org\/{rel}","templated":true}]}}